10751 = 609. List the prime factors of i.
2, 461
Suppose 2*p - 18*s - 3152 = -21*s, s + 1576 = p. List the prime factors of p.
2, 197
Let a = -8899 - -14011. What are the prime factors of a?
2, 3, 71
Suppose 0 = -g - 46 - 191. Let u = -1430 + 1301. Let p = u - g. List the prime factors of p.
2, 3
Suppose 5*z + 4*a - 46175 = 5*a, -5*a = -3*z + 27705. What are the prime factors of z?
5, 1847
Let n(c) be the first derivative of 2*c**3/3 + 2*c**2 + c - 7. List the prime factors of n(-3).
7
Suppose -50*z - 42 = -56*z. Suppose z*k - 4766 - 3116 = 0. What are the prime factors of k?
2, 563
Let v = 72 + -68. Suppose 2*z - 368 - 6 = -i, v*i + 948 = 5*z. What are the prime factors of z?
2, 47
Let x(v) = -73*v - 199. Let u(m) = 48*m + 132. Let z(i) = -8*u(i) - 5*x(i). List the prime factors of z(-7).
2, 3
Let b(h) = 14*h**2 + 109*h + 2430. List the prime factors of b(-31).
5, 41, 61
Suppose 452 + 3148 = -18*w. Let u = 87 - w. What are the prime factors of u?
7, 41
Let k = -10133 + 19284. List the prime factors of k.
9151
Let r(d) = d**3 + 3*d**2 - d + 6. Let g = -12 + 9. Let u be r(g). Suppose 2*p - 705 = -3*z, z + u*p - 235 = 5*p. What are the prime factors of z?
5, 47
Let s be 336/3 + -1 + -2. Suppose c = 5*i + 26, -s = -5*c + 4*i + 126. Suppose 197 + c = 4*z. What are the prime factors of z?
2, 31
Suppose 28738 = 2*x - 3*v, -3*v + 43107 = -25*x + 28*x. List the prime factors of x.
14369
Let c(x) = -92*x**3 - 2*x**2 + 1. Suppose 11 = 5*v - 2*o, -4*v - 2*o - 2*o = 8. Suppose g + v = -0*g. List the prime factors of c(g).
7, 13
Let s(k) = -k**3 + 9*k**2 - 13*k - 2. Let t(p) = -p - 1. Let w(c) = s(c) - 4*t(c). Let h = -371 + 377. What are the prime factors of w(h)?
2, 7
Suppose n - 5*l = -3*l + 10, 2*l = -4. Suppose 0 = q - n + 4. Suppose g = 0, -q*r - r - 5*g = -534. What are the prime factors of r?
2, 89
Let y be 198/(-5) + ((-16)/(-20))/(-2). Let r = -35 - y. Suppose 0 = -r*i + 6*i - 72. List the prime factors of i.
2, 3
Suppose 0 = 42*p - 38*p - 18868. What are the prime factors of p?
53, 89
List the prime factors of (3 + 33259 + 20)*(7/(-3) - -3).
2, 3, 43
What are the prime factors of 2622178/182 + 4/(-7)?
14407
Let w be 72885/5 + -1 + (-15)/(-3). Suppose -w = -9*g + 26855. List the prime factors of (2/3)/(g/(-1152) + 4).
2, 3
Suppose -23*t + 1051836 + 56649 = 0. List the prime factors of t.
3, 5, 7, 17
Suppose 77*j - 71*j = 4296. Suppose 30*k - 64 - j = 0. What are the prime factors of k?
2, 13
Let z = 32226 - -24636. What are the prime factors of z?
2, 3, 13
Suppose -39*l - 92424 = -279858. List the prime factors of l.
2, 3, 89
Let x(u) = 4*u + 12. Let c be x(-4). Let q(r) = 10*r**2 + 2*r - 2. List the prime factors of q(c).
2, 3, 5
Let w be (3*1)/(4/(-4616)*-3). Let y = w - 673. Suppose 7*h - y = 212. What are the prime factors of h?
3, 11
Let h = -32 + 53. Suppose -15*r + 24 = -h*r. What are the prime factors of 137 - ((-1)/(-2) - 6/r)?
3, 5
Let b be (-27)/(660/(-216) - 1*-3). Let i = 880 - b. What are the prime factors of i?
2, 197
Let u be 6/9*21/(-2). Let x = -178 + u. Let a = 271 + x. What are the prime factors of a?
2, 43
List the prime factors of ((-48164)/8)/((-8)/28) + 5/4.
13, 1621
Let j = 64 + -64. What are the prime factors of 170/(-34) - (j + -2)*348?
691
Let i = 92427 + -43502. List the prime factors of i.
5, 19, 103
Let d(p) = -177*p + 1523. List the prime factors of d(-94).
11, 13, 127
Suppose -4*v = 6*v + 15200. List the prime factors of ((408/15)/2)/((-32)/v).
2, 17, 19
Let j be -3*((-28128)/9)/8. Suppose j = 4*u + p, 315 = -2*u + 2*p + 911. What are the prime factors of u?
2, 3, 7
Let h = -58 + 56. Let z be ((-24)/(-9) + -4)/(h/3). Suppose 2*p + 8 - 27 = -t, -3*t - z*p = -37. List the prime factors of t.
3
Suppose 4*j + 4672 = 2*v, -4*j - 2 = -22. Suppose -5*p + v = 506. List the prime factors of p.
2, 23
Suppose -2*v + 5*v - 3 = w, 4*v - 4 = 2*w. Let t = 20 + v. Let l = t + 160. List the prime factors of l.
181
Let c(a) = 64970*a**2 - 45*a. List the prime factors of c(1).
5, 7, 53
Suppose -8*n + 12 = -2*n. Suppose -3*y + 28 = -2*l, -n*l = 4*y - y + 28. What are the prime factors of (8/l)/(-2) - 28614/(-399)?
2, 3
List the prime factors of ((-19707624)/1944)/(1*1/(-9)).
3, 17, 1789
Let f(m) = 6*m - 9. Let c be f(15). Let i(s) = 2*s - 19 - 30 - 6 + c. What are the prime factors of i(11)?
2, 3
Let k be 3/(-2) + -2*11/4. Let o(y) = -y - 4. Let l be o(k). Suppose 10 = 5*z, -l*a - a + 466 = z. List the prime factors of a.
2, 29
Suppose 5*r = -15*r + 2*r. Suppose -2*y + 2*z + 468 = -2*z, -3*y + 3*z + 690 = r. List the prime factors of y.
2, 113
Let z(c) = c**3 - 14*c**2 + 32*c - 4. Let l be z(15). Suppose -1733 = -4*m - l. What are the prime factors of m?
2, 3, 43
What are the prime factors of 489/(-2)*-10*3068/708?
5, 13, 163
Let a(u) = -15*u - 28. Let t be ((-544)/(-36))/(-4) - 8/36. Let v be t*3 + (-1 - 2)*-1. What are the prime factors of a(v)?
107
Suppose 0 = 135*w - 141*w - 2286. Let t = -69 - w. What are the prime factors of t?
2, 3, 13
Suppose -39 - 44 = v. Let o = v + 67. What are the prime factors of ((-276)/(-9))/(o/(-24))?
2, 23
Suppose -p + 1 = -4*g, -4*p - 170 = -4*g - 186. Suppose 0 = -l + 5*r + 1020, 3*r + p = -4. What are the prime factors of l?
3, 5, 67
Let m(p) = 8*p**2 - 7*p + 25. Let v be m(3). Let t = v - -21. List the prime factors of t.
97
Let c(u) be the third derivative of -u**4/24 + 2*u**3 + 41*u**2. Let t be c(7). List the prime factors of 68/6*(t + 42/(-12)).
17
List the prime factors of (418/190)/(2/3620).
2, 11, 181
Let f(q) = -76*q**3 + 24*q**2 - 11*q - 210. What are the prime factors of f(-9)?
3, 19079
Suppose -148 = 3*g + z, -2*g + 3*z + 52 = -3*g. Let y = g - -49. Let m(u) = u + 193. List the prime factors of m(y).
193
Let x(j) = -3*j + 455. Let h be x(0). Let y = h + -334. What are the prime factors of y?
11
Suppose 36841 = 5*x - n, 0*x - 22119 = -3*x - 3*n. List the prime factors of x.
7369
Let m be 0 - (-5 + -6 + 8). Suppose 5*v + 2773 = m*k, -2765 = -3*k + 3*v + 10. List the prime factors of k.
2, 463
Suppose 8*o = 7*o + 2. Suppose o*t = 12 + 64. Suppose a + 0*a - t = 0. What are the prime factors of a?
2, 19
Let g(d) = d**3 + 78*d**2 - 14*d + 46. List the prime factors of g(-76).
2, 13, 487
Let l(a) = 748*a - 2296. What are the prime factors of l(79)?
2, 3, 4733
Let h be -3*4/(-60) + 6423/(-15). List the prime factors of 5 - h/(-84) - 63008/(-84).
2, 3, 5
Suppose 5*z = 909 + 1206. Suppose -z*j + 424*j - 245 = 0. List the prime factors of j.
5, 7
Let i(o) be the second derivative of o**4/12 - 11*o**3/6 - 27*o**2/2 - 53*o. List the prime factors of i(21).
3, 61
Let t(b) = 10*b**2 - 61*b - 9. Let v be t(7). Suppose -49*w = -v*w + 2160. What are the prime factors of w?
2, 3
Suppose -86 + 88 = i. Let n(k) be the first derivative of 13*k**4/4 - 2*k**3/3 - 2*k**2 + 4*k - 1. What are the prime factors of n(i)?
2, 23
Let k = 7334 + 1278. What are the prime factors of k?
2, 2153
Let c = -427 + 405. What are the prime factors of ((-5247)/c)/((-12)/(-64))?
2, 3, 53
Suppose -46*c = -54 - 130. Suppose 5*q - 7464 = -c*h, 2*q - 4*h + 3*h = 2996. What are the prime factors of q?
2, 11, 17
Suppose -2110*b = -2117*b + 58849. List the prime factors of b.
7, 1201
Let w(r) = r**3 + 19*r**2 + 129*r + 8. What are the prime factors of w(19)?
7, 2311
Suppose 20*c - 36 = 11*c. Suppose -5*k - 427 = -3*l, c*l + 2*k - k = 577. What are the prime factors of l?
2, 3
Let b = -1292 - -3082. What are the prime factors of ((-18)/15)/((-6)/b)?
2, 179
List the prime factors of (-1)/((3/9)/(-2*105942/36)).
17657
Suppose -45*t = 12*t + 67*t - 1745920. What are the prime factors of t?
2, 5, 11
Let v(k) = -k + 3. Let a be v(4). Let d = 182 - 178. What are the prime factors of d/(a*(-10)/15)?
2, 3
Suppose 5*y = 2*p + 21977 - 971, p = 2*y - 8402. Suppose -14*x = -9056 - y. List the prime factors of x.
947
Let z be -3 + 2 + -49 - -1. Let f = -47 - z. List the prime factors of (-95)/(-2)*(40/25)/f.
2, 19
Let k(y) = 6*y**2 + 326*y + 1173. List the prime factors of k(-93).
3, 7583
Let y be (6/(-10))/((-23184)/(-23190) + -1). Suppose y - 239 = 8*l. What are the prime factors of l?
2, 5, 13
Let a be ((-160)/(-180))/(4/18). Suppose -3110 = -a*g + 2374. List the prime factors of g.
3, 457
What are the prime factors of (((-147)/126)/(2/102))/